of 284801?
11, 17, 1523
What are the prime factors of 12627225?
3, 5, 13, 1439
List the prime factors of 1586344.
2, 47, 4219
What are the prime factors of 599717?
67, 8951
List the prime factors of 2384610.
2, 3, 5, 101, 787
List the prime factors of 2129505.
3, 5, 7, 17, 1193
List the prime factors of 686509.
53, 12953
List the prime factors of 281473.
397, 709
List the prime factors of 7721514.
2, 3, 23, 6217
What are the prime factors of 54323?
54323
What are the prime factors of 4756324?
2, 109, 10909
List the prime factors of 28317.
3, 9439
List the prime factors of 2709382.
2, 13, 104207
What are the prime factors of 1177049?
887, 1327
List the prime factors of 13911492.
2, 3, 7, 59, 401
What are the prime factors of 21459538?
2, 859, 12491
List the prime factors of 45264.
2, 3, 23, 41
What are the prime factors of 4532055?
3, 5, 11, 227
What are the prime factors of 10601035?
5, 2120207
List the prime factors of 223249.
13, 1321
What are the prime factors of 6021986?
2, 193, 15601
List the prime factors of 387240.
2, 3, 5, 7, 461
List the prime factors of 924533.
67, 13799
List the prime factors of 4344764.
2, 1086191
List the prime factors of 4165719.
3, 37, 37529
List the prime factors of 748135.
5, 149627
What are the prime factors of 342313?
97, 3529
What are the prime factors of 119112?
2, 3, 7, 709
List the prime factors of 497693.
7, 1451
What are the prime factors of 761853?
3, 253951
What are the prime factors of 138606?
2, 3, 13, 1777
List the prime factors of 3085985.
5, 7, 37, 2383
What are the prime factors of 1786271?
1786271
What are the prime factors of 20076362?
2, 10038181
What are the prime factors of 473583?
3, 11, 113, 127
List the prime factors of 147718.
2, 73859
What are the prime factors of 944880?
2, 3, 5, 31, 127
List the prime factors of 8274335.
5, 857, 1931
What are the prime factors of 578780?
2, 5, 43, 673
List the prime factors of 843197.
83, 10159
What are the prime factors of 13888896?
2, 3, 7, 5167
What are the prime factors of 1330841?
821, 1621
What are the prime factors of 123619?
123619
List the prime factors of 1757675.
5, 167, 421
List the prime factors of 10804614.
2, 3, 181, 9949
List the prime factors of 2302171.
83, 27737
What are the prime factors of 575109?
3, 63901
List the prime factors of 20223942.
2, 3, 19, 9337
What are the prime factors of 392810?
2, 5, 11, 3571
List the prime factors of 434251.
227, 1913
What are the prime factors of 6219670?
2, 5, 79, 7873
List the prime factors of 1146967.
1146967
What are the prime factors of 86093?
7, 251
What are the prime factors of 1871042?
2, 67, 13963
What are the prime factors of 6982757?
163, 42839
What are the prime factors of 2476821?
3, 19, 2287
What are the prime factors of 2517062?
2, 1258531
List the prime factors of 6512442.
2, 3, 1085407
List the prime factors of 13582439.
13, 17, 41, 1499
What are the prime factors of 3494954?
2, 43, 40639
List the prime factors of 278130.
2, 3, 5, 73, 127
What are the prime factors of 314610?
2, 3, 5, 10487
What are the prime factors of 644921?
151, 4271
What are the prime factors of 4361283?
3, 23, 2341
What are the prime factors of 2804062?
2, 1402031
List the prime factors of 60078.
2, 3, 17, 19, 31
What are the prime factors of 4785960?
2, 3, 5, 39883
What are the prime factors of 1231021?
11, 17, 29, 227
What are the prime factors of 130762?
2, 65381
List the prime factors of 3715785.
3, 5, 71, 1163
List the prime factors of 6641420.
2, 5, 139, 2389
List the prime factors of 3460516.
2, 47, 79, 233
List the prime factors of 20871043.
20871043
List the prime factors of 11758994.
2, 13, 452269
What are the prime factors of 4016838?
2, 3, 7, 59, 1621
What are the prime factors of 988143?
3, 13, 1949
List the prime factors of 638644.
2, 67, 2383
What are the prime factors of 89853?
3, 61, 491
What are the prime factors of 4326680?
2, 5, 19, 5693
What are the prime factors of 12993347?
101, 103, 1249
What are the prime factors of 2011661?
17, 73, 1621
List the prime factors of 16152898.
2, 113, 71473
What are the prime factors of 123677?
123677
What are the prime factors of 83692?
2, 7, 61
What are the prime factors of 693280?
2, 5, 7, 619
What are the prime factors of 3733191?
3, 7, 11, 5387
List the prime factors of 8040770.
2, 5, 804077
What are the prime factors of 107787?
3, 19, 31, 61
What are the prime factors of 1557668?
2, 7, 55631
List the prime factors of 1908575.
5, 76343
List the prime factors of 6523122.
2, 3, 23, 47269
List the prime factors of 202657.
7, 13, 17, 131
What are the prime factors of 9391589?
1217, 7717
What are the prime factors of 880529?
13, 67733
What are the prime factors of 6136482?
2, 3, 11, 109, 853
List the prime factors of 12553279.
12553279
What are the prime factors of 30839?
30839
What are the prime factors of 24324?
2, 3, 2027
What are the prime factors of 47532?
2, 3, 17, 233
List the prime factors of 42654.
2, 3, 7109
What are the prime factors of 7191203?
23, 83, 3767
List the prime factors of 110232.
2, 3, 1531
List the prime factors of 5605660.
2, 5, 241, 1163
What are the prime factors of 445974?
2, 3, 239, 311
What are the prime factors of 4001569?
11, 13, 27983
What are the prime factors of 2393328?
2, 3, 7, 17, 419
List the prime factors of 1869289.
347, 5387
List the prime factors of 2412256.
2, 7, 11, 89
List the prime factors of 1286429.
61, 21089
List the prime factors of 1606643.
1606643
What are the prime factors of 2350742?
2, 1175371
List the prime factors of 389406.
2, 3, 64901
List the prime factors of 5577547.
17, 71, 4621
List the prime factors of 111622.
2, 7, 17, 67
List the prime factors of 6411320.
2, 5, 29, 5527
List the prime factors of 1215758.
2, 31, 19609
What are the prime factors of 245799?
3, 31, 881
List the prime factors of 563617.
197, 2861
List the prime factors of 2652729.
3, 884243
List the prime factors of 15358473.
3, 13, 149, 881
What are the prime factors of 32331?
3, 13, 829
What are the prime factors of 358912?
2, 701
What are the prime factors of 643225?
5, 11, 2339
List the prime factors of 232814.
2, 59, 1973
List the prime factors of 430736.
2, 26921
What are the prime factors of 857185?
5, 7, 19, 1289
What are the prime factors of 35215?
5, 7043
What are the prime factors of 7893307?
29, 272183
What are the prime factors of 1931833?
1931833
List the prime factors of 11565157.
41, 311, 907
What are the prime factors of 1489623?
3, 683, 727
What are the prime factors of 93932?
2, 23, 1021
List the prime factors of 28790339.
19, 1515281
List the prime factors of 678398.
2, 7, 47, 1031
List the prime factors of 7568169.
3, 7, 199, 1811
What are the prime factors of 646284?
2, 3, 53857
List the prime factors of 345715.
5, 69143
List the prime factors of 11821.
11821
What are the prime factors of 14206198?
2, 191, 37189
List the prime factors of 1329093.
3, 59, 2503
List the prime factors of 2246450.
2, 5, 179, 251
List the prime factors of 5363864.
2, 11, 60953
What are the prime factors of 8990168?
2, 11, 102161
List the prime factors of 1203584.
2, 9403
What are the prime factors of 2727079?
1607, 1697
What are the prime factors of 3630029?
13, 103, 2711
What are the prime factors of 9608347?
7, 1372621
What are the prime factors of 65023?
7, 1327
What are the prime factors of 722061?
3, 47, 569
What are the prime factors of 1153446?
2, 3, 7, 29, 947
List the prime factors of 739993.
17, 19, 29, 79
What are the prime factors of 235045?
5, 29, 1621
List the prime factors of 466903.
37, 12619
What are the prime factors of 473212?
2, 17, 6959
List the prime factors of 66660.
2, 3, 5, 11, 101
List the prime factors of 523560.
2, 3, 5, 4363
List the prime factors of 187637.
187637
What are the prime factors of 5531935?
5, 857, 1291
List the prime factors of 192651.
3, 64217
List the prime factors of 878955.
3, 5, 7, 11, 761
What are the prime factors of 20645493?
3, 11, 625621
List the prime factors of 3341497.
83, 127, 317
What are the prime factors of 26406123?
3, 37, 233, 1021
What are the prime factors of 1035966?
2, 3, 23, 7507
List the prime factors of 2316067.
13, 163, 1093
What are the prime factors of 573341?
573341
What are the prime factors of 390866?
2, 7, 27919
What are the prime factors of 251